se
Let i(l) = 81*l**2 + 65*l - 1009. Is i(51) a composite number?
False
Let v(i) = i**3 + i**2 - 2*i + 3453. Let p be 6 + (-4 - 3) + 2 + -1. Let u be v(p). Is (u/12)/(3/12) a prime number?
True
Is (-14687701)/196*(-3 + -1) composite?
False
Let w = 335 + 173. Suppose -r = -5*r + w. Let c = r - -130. Is c composite?
False
Suppose 45170 = 10*h - 26380. Let o = h + -3356. Is o prime?
False
Let j(v) = -8*v - 75. Let i be j(-9). Let f(n) be the second derivative of -12*n**5/5 - n**4/6 - n**3/6 - 2*n**2 - 6*n. Is f(i) composite?
False
Let x(u) = 2*u**2 + 2*u + 938. Let j be x(0). Let t = 1457 - j. Is t prime?
False
Let g = -304 - -489. Let h = g + 798. Is h composite?
False
Is 24*23/3312 - 1500653/(-6) a composite number?
False
Let f = 185342 - 94071. Is f composite?
True
Let k(w) = -w**3 - 5*w**2 - 5*w - 8. Let m be k(-4). Suppose 3 = 4*u - 3*y, -y - 27 + 30 = 0. Is (2/m + (-7445)/(-30))*u a prime number?
True
Let p = -47 - -59. Suppose 18 = -6*a - p. Is (4/(-6))/((-3985)/795 - a) a prime number?
True
Suppose 3*n = 4*n - 96. Let y be (128/n)/((-2)/(-3)). Suppose 0 = -2*j - 5*m + 1590, -y*m - 1554 = -2*j + 2*m. Is j a prime number?
False
Let l be (6/10)/((-4)/(-20)). Let b = l + -3. Suppose -2*k - 3547 + 1176 = -3*d, -d + 3*k + 802 = b. Is d composite?
False
Suppose r - 5*b + 462 = 0, 471 = 2*r - 3*r - 4*b. Suppose 8*m - 400 + 376 = 0. Is -3 + (m - -2) - r composite?
True
Suppose -m - 3*n = -25758 - 144785, -3*m + 5*n = -511573. Is m prime?
False
Suppose 41 = x - 18. Let l(j) = -60*j**2 + 974 + x*j**2 + 4*j - j. Is l(0) composite?
True
Let g = 25 + -25. Suppose 7*q - 43397 - 39644 = g. Is q a prime number?
True
Suppose -22*f - 15 = -27*f. Let i be (-6 + 4)/(0 + -1). Suppose f*x - 922 - 1448 = -3*n, i*n + 4*x - 1586 = 0. Is n prime?
True
Suppose 335*u - 1502497 = 282*u. Is u a composite number?
False
Let l = 2853 + 20705. Suppose m - 2*m - l = -3*g, 23574 = 3*g + 3*m. Suppose -g = -6*p + 42012. Is p composite?
False
Suppose w = -5*l + 12077, -4*w + 5*l = -30963 - 17195. Is w a composite number?
True
Suppose 0 = -5*a - w + 390742, 8*a + 2*w - 78143 = 7*a. Is a a composite number?
True
Let b be (-31400)/(-6) + 5/(60/8). Let q = b + 1829. Is q prime?
False
Suppose -7 = -2*m + m. Suppose 13 + 50 = m*g. Suppose 4*x - g*x + 1195 = 0. Is x a prime number?
True
Let i = 131 - 131. Suppose -4*a + 12 = 0, -4*x + i*a = -a - 4841. Is x composite?
True
Suppose 390 = -3*a - 87. Suppose 0 = -11*u + 5391 + 5323. Let s = a + u. Is s a prime number?
False
Let d(s) = -12251*s + 56. Let x be d(-6). Suppose x = 16*l - 312470. Is l prime?
False
Let o be (-32)/8*(-4 - (-21086)/(-8)). Suppose 21513 = 8*j - o. Is j a composite number?
True
Let o(h) = 18*h**2 + 2*h**3 + 15 - 41*h**2 + 8*h + 2 + 10*h**2. Is o(10) a composite number?
False
Let r(q) = -3 + 1108*q + 352*q + 792*q. Is r(5) composite?
False
Is (-3 - 42/(-12))*22 - -545652 a prime number?
True
Suppose -15*m = 10*m - 450. Is 3098491/207 + 8/m prime?
True
Suppose 15 = -20*v + 55. Suppose 2*o - 22686 = -3*p - v*o, -4*o - 22662 = -3*p. Is p prime?
False
Suppose 0*b - 2*b = -32. Let p be (-838)/4609 + (-196)/11 + 2. Is b/p + -6*(2 + -135) a composite number?
False
Let q(u) = 36843*u + 560. Is q(15) a composite number?
True
Let c = 563368 + -327885. Is c prime?
True
Let v(d) be the first derivative of 2*d**3/3 + 95*d**2/2 + 26*d - 48. Is v(27) composite?
False
Let a be (-75)/42*-190 + 4/(-14). Let n = a + 4569. Suppose 4*y - 16*y + n = 0. Is y prime?
True
Suppose 99421 + 58841 = 5*q - 111713. Is q a prime number?
False
Let n be ((-8)/40)/((-1)/45). Suppose 18*c - n*c = 17154. Is c prime?
False
Suppose 41*b = 1119248 + 206995 + 286246. Is b a prime number?
False
Suppose 3*u + 4*z = -u - 12, 3*z = -u - 13. Suppose -12 - 8 = -u*h. Suppose -h*w + 3569 = -9801. Is w a composite number?
True
Suppose -40*d + 546 = -19*d. Let a(x) = x**3 - 25*x**2 - 8*x - 19. Is a(d) prime?
True
Suppose 0 = -4*d - 30*d - 699720. Let a = 39173 + d. Is a prime?
True
Let h = 142182 - 50333. Is h a composite number?
True
Suppose 4 = -0*r + 2*r. Let y be 750 - 1 - (276 + -279). Suppose d + 4*x - y = -57, 4*d - 2766 = -r*x. Is d a composite number?
False
Is 764 - ((-66)/(-110))/(1/(-5)) a prime number?
False
Let b(m) = 15*m**2 - 24*m - 14. Let l = -15 - -38. Is b(l) composite?
False
Suppose -46335 = 81*t - 789348. Is t a prime number?
True
Let m(u) = -12*u**3 - 40*u + 20*u - 9*u**2 + 2*u**2 + 19 + 27*u. Is m(-4) prime?
True
Let l = 5729 + -2082. Suppose b - 8*b + l = 0. Is b a composite number?
False
Let d be (-32)/20*(-5)/2. Suppose d*b = -20, p - 16 = -b + 3*b. Suppose -5*r + p = -2*r, 3*c - r = 3349. Is c a prime number?
True
Suppose 4*j + j = v + 2084, -5*v + 4*j - 10378 = 0. Let g = v + 4779. Is g prime?
False
Suppose 0 = 3*g - 0*g - 10884. Let m(w) = w**2 + 9*w + 17. Let q be m(-7). Suppose -q*f + g = f. Is f a composite number?
False
Let m(k) = -8*k - 9*k**2 + 6*k**2 - 4 - 7 + 13*k**2. Is m(-10) a composite number?
False
Suppose -b + 33*n = 35*n - 41033, -2*b + 82052 = -3*n. Is b composite?
True
Suppose -17*l + 121 = 4*f - 12*l, -3*f - 5*l = -97. Let j = f + -7. Suppose -29097 = -26*s + j*s. Is s a composite number?
True
Let h(o) be the third derivative of 687*o**5/20 - o**4/4 - 5*o**3/6 - o**2 + 29*o. Is h(-1) a prime number?
False
Suppose 5*y - 488769 = -2*m, -5*y + 2*m = -483474 - 5327. Is y a composite number?
True
Let k be 8/3 - (-12)/9. Suppose 3*m = -k*g + 144763, 2*m + 77495 = -5*g + 258440. Is g composite?
False
Let s(f) = -923*f**3 + 4*f**2. Let d be s(-3). Suppose 58*w - 49*w - d = 0. Is w a composite number?
True
Let n(b) be the second derivative of 45*b**4/4 - 3*b**3/2 + 41*b**2/2 + 21*b - 1. Is n(7) a composite number?
True
Suppose -2*s = -9*s + 114254. Suppose -3*q = 2*o - 8181, -5*q - s = -4*o - 3*q. Is o prime?
False
Suppose -5*i = -5*j - 15, -4*j + 3*i = -1 + 10. Let k be (3 + -4)*j - 3 - -784. Let d = 580 + k. Is d a composite number?
False
Suppose -45*d + 664645 = -40*d - 3*z, -z + 531699 = 4*d. Is d composite?
True
Let c(q) = 960*q**2 + 105*q - 56. Is c(13) a prime number?
False
Suppose -5*d + 241590 = 2*f - 3141, 244741 = 5*d - 3*f. Is d a prime number?
True
Let f = -74 - -79. Suppose 845 + 1100 = f*x. Is x a prime number?
True
Suppose -b = 3*j - 0*j - 53, b = 5*j + 37. Suppose b*m - 401000 + 60109 = 0. Is m a prime number?
True
Let a(v) = -2*v**3 + 13*v**2 - 15*v + 4. Let d be a(5). Suppose 24281 = d*j + 2*n - 277, -5*j = n - 30696. Is j composite?
True
Let s(f) = -6061*f - 1325. Is s(-24) a prime number?
True
Let v = 37989 + 19356. Suppose 0 = -5*i + b + 44957 + 12383, 5*i - 2*b = v. Is i prime?
True
Let n be -4 - (6/(-15) + 32/(-20)). Is (4/60*5)/(n/(-19626)) a composite number?
False
Let a(f) = -11*f**3 + 10*f**2 + 3*f + 7. Let w be a(12). Is (-12)/8 + w/(-10) composite?
True
Let x be (1 + -1)/(8 - 10). Suppose l - 18 - 3 = x. Is (7/l)/((-1)/(-9411)) composite?
False
Let f = -735923 + 1195342. Is f prime?
False
Suppose -10*n - 64 = -154. Suppose 2803 = n*o + 166. Is o a composite number?
False
Let r be (1/2)/(-7 - (-1477)/210). Is r/(225/(-790))*9/(-6) a prime number?
True
Suppose 5*j = -5*c + 15740, -2*j = j - c - 9456. Suppose 2862 + j = 5*a + 4*i, 2*a + i = 2404. Is a a prime number?
True
Suppose -g - 3*g + 3208 = 0. Let y be 0 - 352 - 5/1. Let m = g + y. Is m a composite number?
True
Let y(d) = 13*d**3 - 5*d**2 + 5*d - 7. Let f be y(-7). Let x = 9953 + f. Is x a composite number?
True
Suppose -265753 = -4*l - 5*w, -3*l + 31601 = -2*w - 167708. Is l prime?
False
Suppose 31*f = -996753 + 4829562. Is f a prime number?
False
Let k = -6 + 7. Let u be (k - -11)*3*(-2)/(-18). Suppose 3*h - 4106 = u*t, -3*h + 2*t = h - 5468. Is h a prime number?
False
Let d(u) = -u**2 - 17*u - 23. Let a be d(-15). Suppose 22464 = a*c + 5*c. Suppose c - 538 = 2*j. Is j prime?
False
Is (289534/28 - (-2 - -2))/((-1)/(-58)) a prime number?
False
Let u = 73 + -72. Let j be -3 + 0*(2 - u) - -1013. Suppose 0 = -3*v + 748 + j. Is v a composite number?
True
Suppose 53*t + 15884 = 51*t. Let p = -3086 - t. Suppose 1004 = 4*j - p. Is j prime?
False
Let b(n) = -1 + 0 + 21*n + 4 + 15*n. Let j be b(16). Let x = 208 + j. Is x a prime number?
True
Let t be 4*(196/(-16))/7. Is 435/(-70)*-332 + 1/t a composite number?
False
Suppose 3*u - u = 4. Let k be ((